e prime factors of 5519636921.
7177, 769073
What are the prime factors of 1920650575?
5, 37, 61, 34039
List the prime factors of 355998315.
3, 5, 223, 106427
What are the prime factors of 307708484?
2, 197, 390493
What are the prime factors of 1290855915?
3, 5, 19, 43, 35111
List the prime factors of 43705916.
2, 10926479
What are the prime factors of 405051007?
151, 2682457
List the prime factors of 2498776637.
7, 17, 53, 149, 2659
List the prime factors of 86891259.
3, 7, 13, 41, 1109
What are the prime factors of 3832999404?
2, 3, 13, 23, 631, 1693
What are the prime factors of 307807614?
2, 3, 127, 4987
What are the prime factors of 30369282?
2, 3, 349, 14503
List the prime factors of 84876282.
2, 3, 1571783
List the prime factors of 153700557.
3, 19, 2696501
List the prime factors of 34733647.
13, 2671819
What are the prime factors of 75806938?
2, 37903469
What are the prime factors of 1044219837?
3, 348073279
What are the prime factors of 328845054?
2, 3, 54807509
List the prime factors of 175336660.
2, 5, 8766833
List the prime factors of 6895098671.
131, 52634341
List the prime factors of 38077931.
38077931
List the prime factors of 336709044.
2, 3, 7, 1013, 1319
What are the prime factors of 207424355?
5, 41484871
What are the prime factors of 354459?
3, 7, 16879
What are the prime factors of 390555391?
31, 431, 29231
List the prime factors of 535058626.
2, 79, 359, 9433
What are the prime factors of 55079123?
11, 5007193
What are the prime factors of 143425680?
2, 3, 5, 19, 71, 443
List the prime factors of 45347781.
3, 15115927
What are the prime factors of 929026384?
2, 11, 13, 36913
List the prime factors of 234707061.
3, 78235687
List the prime factors of 604706121.
3, 22396523
List the prime factors of 41439576.
2, 3, 71, 83, 293
What are the prime factors of 128151394?
2, 7, 9153671
List the prime factors of 4963703.
571, 8693
What are the prime factors of 43534271?
11, 59, 67079
What are the prime factors of 459869297?
459869297
List the prime factors of 72540085.
5, 239, 60703
List the prime factors of 1231848253.
1069, 1152337
List the prime factors of 196082998.
2, 17, 31, 186037
What are the prime factors of 1024106146?
2, 7, 17, 43, 100069
List the prime factors of 1641913905.
3, 5, 109460927
List the prime factors of 547714884.
2, 3, 3527, 12941
What are the prime factors of 1757169?
3, 195241
List the prime factors of 352473953.
13, 149, 283, 643
List the prime factors of 1202068601.
1202068601
List the prime factors of 29348656.
2, 337, 5443
What are the prime factors of 45742516?
2, 11435629
List the prime factors of 3356487966.
2, 3, 13, 43031897
What are the prime factors of 59744592?
2, 3, 414893
List the prime factors of 486492878.
2, 59, 73, 56477
What are the prime factors of 211350914?
2, 73, 1447609
List the prime factors of 4628250976.
2, 359, 379, 1063
List the prime factors of 19042728.
2, 3, 793447
What are the prime factors of 648778597?
151, 277, 15511
List the prime factors of 1175262899.
337, 3487427
List the prime factors of 71001786.
2, 3, 11833631
What are the prime factors of 756745078?
2, 4261, 88799
List the prime factors of 44194191.
3, 14731397
What are the prime factors of 94740471?
3, 7, 214831
What are the prime factors of 1331580526?
2, 3581, 185923
List the prime factors of 2542505909.
397, 6404297
List the prime factors of 158144279.
29, 149, 36599
List the prime factors of 550312582.
2, 23, 11963317
List the prime factors of 858231222.
2, 3, 1423, 100519
What are the prime factors of 733158852?
2, 3, 19, 109, 29501
What are the prime factors of 5254296726?
2, 3, 7, 17, 617, 11927
List the prime factors of 4091568196.
2, 467, 2190347
What are the prime factors of 45595145?
5, 89, 102461
What are the prime factors of 302945916?
2, 3, 7, 13, 17, 16319
What are the prime factors of 4884300137?
109, 557, 80449
List the prime factors of 55306087.
127, 435481
What are the prime factors of 474703896?
2, 3, 19779329
What are the prime factors of 88770854?
2, 167, 265781
List the prime factors of 59204271.
3, 7, 131, 21521
What are the prime factors of 38996090?
2, 5, 7, 557087
List the prime factors of 3845714271.
3, 7, 183129251
List the prime factors of 730059750.
2, 3, 5, 7, 15451
What are the prime factors of 2981734578?
2, 3, 18405769
List the prime factors of 137090458.
2, 68545229
What are the prime factors of 413412315?
3, 5, 2347, 11743
What are the prime factors of 28195772?
2, 11, 19, 29, 1163
What are the prime factors of 198392800?
2, 5, 247991
What are the prime factors of 4605822608?
2, 79, 347, 10501
What are the prime factors of 395354200?
2, 5, 1976771
List the prime factors of 3856224153.
3, 1285408051
What are the prime factors of 3280864552?
2, 7, 449, 130483
What are the prime factors of 42597653?
7, 1783, 3413
What are the prime factors of 3886800270?
2, 3, 5, 17, 7621177
What are the prime factors of 44592447?
3, 641, 23189
What are the prime factors of 200816610?
2, 3, 5, 6693887
What are the prime factors of 11200245?
3, 5, 7, 106669
What are the prime factors of 175375?
5, 23, 61
What are the prime factors of 251582422?
2, 7, 13, 17, 31, 43, 61
What are the prime factors of 224634411?
3, 1361, 6113
List the prime factors of 6893727220.
2, 5, 3121, 110441
List the prime factors of 256590565.
5, 7, 11, 31, 21499
List the prime factors of 200840536.
2, 13, 1931159
What are the prime factors of 8148308?
2, 7, 5939
What are the prime factors of 60430805?
5, 37, 227, 1439
What are the prime factors of 701834013?
3, 2549, 30593
List the prime factors of 3851895973.
19, 137, 1479791
What are the prime factors of 52194507?
3, 17398169
What are the prime factors of 13743878?
2, 19, 101, 3581
What are the prime factors of 220592449?
7, 11, 337, 8501
List the prime factors of 145794792.
2, 3, 11, 13, 23, 1847
List the prime factors of 3033893883.
3, 1011297961
What are the prime factors of 75980597?
7, 11, 31, 139, 229
What are the prime factors of 3282920564?
2, 7, 11, 101, 105533
What are the prime factors of 3264065449?
29, 112553981
List the prime factors of 104367682.
2, 52183841
What are the prime factors of 172590180?
2, 3, 5, 7, 410929
List the prime factors of 180945030.
2, 3, 5, 7, 463, 1861
List the prime factors of 886363823.
37, 23955779
What are the prime factors of 354641378?
2, 7, 13, 233, 8363
What are the prime factors of 70160581?
17, 1031, 4003
List the prime factors of 65074876.
2, 59, 275741
What are the prime factors of 1607174568?
2, 3, 337, 22079
What are the prime factors of 1660699177?
359, 4625903
List the prime factors of 35071079.
37, 173, 5479
List the prime factors of 542461958.
2, 37, 127, 197, 293
What are the prime factors of 1618960096?
2, 13, 149, 26119
List the prime factors of 19798898.
2, 7, 1414207
List the prime factors of 39695804.
2, 1123, 8837
List the prime factors of 153506581.
67, 2291143
List the prime factors of 284739375.
3, 5, 17, 8933
What are the prime factors of 16286120?
2, 5, 407153
What are the prime factors of 65899353?
3, 13, 19, 6841
List the prime factors of 3297477610.
2, 5, 7, 61, 643, 1201
List the prime factors of 51444563.
79, 8243
What are the prime factors of 353260009?
353260009
List the prime factors of 72336912.
2, 3, 1507019
List the prime factors of 252615708.
2, 3, 263, 26681
What are the prime factors of 28974193?
157, 179, 1031
List the prime factors of 44465816.
2, 29, 137, 1399
What are the prime factors of 1190229083?
32833, 36251
List the prime factors of 234999494.
2, 117499747
List the prime factors of 3876089346.
2, 3, 215338297
List the prime factors of 130946614.
2, 17, 3851371
List the prime factors of 314002651.
1201, 261451
List the prime factors of 1766646340.
2, 5, 47, 877, 2143
List the prime factors of 91233932.
2, 83, 97, 2833
What are the prime factors of 66249631?
7, 9464233
What are the prime factors of 113681634?
2, 3, 11, 1722449
What are the prime factors of 39547068?
2, 3, 11, 29, 10331
List the prime factors of 30358278.
2, 3, 37, 79, 577
What are the prime factors of 979312992?
2, 3, 7, 373, 3907
List the prime factors of 60975215.
5, 7, 47, 101, 367
List the prime factors of 2508187368.
2, 3, 503, 207769
What are the prime factors of 1513774782?
2, 3, 13, 983, 6581
List the 